n c is divided by 5.
4
Let a(m) = m**3 - 4*m**2 - 5*m + 14. Calculate the remainder when 335 is divided by a(6).
55
Suppose -150 = -3*v - 3*s + 2*s, -3*v - 4*s = -150. What is the remainder when v is divided by 17?
16
What is the remainder when (-10)/6*-14 + (-1)/3 is divided by 5?
3
Suppose j = -3*y + 11, -2*j + y = -0*y - 1. Suppose j*q + q = 195. Calculate the remainder when q is divided by 22.
21
Let q(k) = -k**3 - 3*k**2 - 3*k. Calculate the remainder when 8 is divided by q(-2).
0
Let k = -11 + 34. Let o(x) = 2*x - 3. Let z be o(-6). Let i = 23 + z. What is the remainder when k is divided by i?
7
Let t(w) = 5*w - 16. Calculate the remainder when 55 is divided by t(7).
17
Suppose 5*w + 4 = w, -2*b - 5*w + 85 = 0. What is the remainder when b is divided by 16?
13
Suppose -16*b + 19*b = 105. What is the remainder when b is divided by 18?
17
Suppose 2*c - 23 = -5*p + 3*c, -4*p + c + 18 = 0. What is the remainder when 45 is divided by 8*p*(-8)/(-20)?
13
Let j(u) = -u**3 - 8*u**2 - 8*u - 9. Let f be j(-8). Suppose 7*r = 2*r + 2*k + f, 0 = 3*k. Calculate the remainder when r is divided by 4.
3
Suppose 3*g + 5*c - 13 - 9 = 0, 0 = -2*c + 4. Suppose 0 = n - 2*n - g, 76 = 5*o + n. What is the remainder when 64/2 + 12/(-4) is divided by o?
13
What is the remainder when 43 is divided by 8/24 + 26/3?
7
Let c(x) = x**3 + 5*x**2 + 5*x - 2. Let s(u) = u**3 + 5*u**2 + 4*u - 2. Let w(l) = -4*c(l) + 5*s(l). What is the remainder when w(-4) is divided by 4?
2
Let x(a) = a**3. Let t be x(-1). Let o be 0 + (-4 - (t + -1)). What is the remainder when 11 is divided by 0 + 2 + 3 + o?
2
Let x(s) = 3*s**2 - 1. Let f(z) = -z**2 + 7*z + 8. Let g be f(8). Suppose -12 + g = -2*a. Calculate the remainder when x(2) is divided by a.
5
Let s(i) = -i**2 + 14*i - 11. What is the remainder when s(10) is divided by 8?
5
Let n = 0 + 1. Let p = n - -2. Calculate the remainder when (5/((-10)/(-28)))/2 is divided by p.
1
Suppose 3*y - 110 = -5*j, 3*j - 8*j + 145 = 4*y. Suppose -5*b + 0*m + 48 = -m, -3*b + m = -30. Calculate the remainder when y is divided by b.
8
Let f = 9 + -7. Suppose 8 = 4*k - 8. Calculate the remainder when k is divided by f.
0
Let n(j) = -j + 11. Let s be (-15)/(-2) + 1/2. Let g be n(s). Calculate the remainder when 14 is divided by (1/(-3))/(g/(-45)).
4
Calculate the remainder when ((-4)/6)/(2/(-102)) is divided by (4/(-1))/(4/(-12)).
10
Let m = 137 + -69. Calculate the remainder when m is divided by 23.
22
Let b(k) = 18*k - 3. Let n(c) = -c**3 - 9*c**2 + 8*c - 3. Suppose -3*r - 4 = 26. Calculate the remainder when b(2) is divided by n(r).
16
Suppose -3*l - 3*s = -48, 0 = 2*l - 2*s + 5*s - 31. Let b = l + -8. Suppose -4*j - 20 = -b*j. Calculate the remainder when j is divided by 2.
0
Suppose 3*j = -j + 4. Let r = 13 + j. What is the remainder when 40 is divided by r?
12
Suppose 0*r - 136 = -17*r. Suppose 91 = 5*c - 2*c + 4*p, 0 = -3*c - 3*p + 90. Calculate the remainder when c is divided by r.
5
Suppose 4*x + 12 = 0, 2*j + 14 = 7*j + 2*x. Suppose -5*n - 57 = 4*c - 160, -j*n = -2*c + 32. Calculate the remainder when c is divided by 12.
10
Let v = 58 + -20. Let q = v - 16. What is the remainder when q is divided by 8?
6
Suppose -2*t - 3 = -13. What is the remainder when (7/7)/(2/26) is divided by t?
3
What is the remainder when 88 is divided by (-4)/10 - (485/(-25) - 4)?
19
Let t = 30 + 7. Calculate the remainder when t is divided by 10.
7
Let v(u) = -u**3 + 5*u**2 - 4*u - 1. Let s be v(4). Let d(w) = -2*w + 2. Calculate the remainder when s/((4/82)/(-2)) is divided by d(-6).
13
Let p(f) = 3*f - 57. What is the remainder when 141 is divided by p(25)?
15
Suppose -c - 5*a = -43 - 15, 4*a + 79 = 3*c. What is the remainder when c is divided by 6?
3
Suppose 18*v + 180 = 23*v. Calculate the remainder when 214 is divided by v.
34
Calculate the remainder when ((-30)/(-45))/((-4)/(-702)) is divided by 40.
37
Suppose 0 = -2*s - 4*v + 80, -4*s - 3*v + 62 = -73. What is the remainder when s is divided by 2/(((-63)/12)/3 - -2)?
6
Suppose 0 = h + 2*h + 30. Let f(o) = 2*o + 2. Let p be f(4). Calculate the remainder when 16 is divided by ((-36)/p)/(4/h).
7
Suppose 4*r = -4*w + 176, 23 + 15 = r - 2*w. What is the remainder when r is divided by 4 - 15/3 - -12?
9
Suppose -5*i + 54 + 61 = 0. What is the remainder when i is divided by 9?
5
Let b(n) = n**2 + 6*n + 6. What is the remainder when 15 is divided by b(-6)?
3
Let h(p) = -p**3 - 9*p**2 + 1. Let f be h(-9). Let c(n) = -n + 0 - f - n - 4*n. Calculate the remainder when 32 is divided by c(-2).
10
Let j = -7 + 24. Calculate the remainder when j is divided by (-56)/(-10) + (-27)/45.
2
Let r(b) = 3*b - 8. Let p be r(6). Suppose 3*f = -4*u + p, 2*f - 9 = -4*u + 3. Let o = -2 + u. What is the remainder when 2 is divided by o?
0
Let n(g) = g**2 + g + 19. Suppose s + 21 = 5*h - 2*h, 0 = s. Suppose -4*k = -4*m - 28, k - 3*m - h = -m. Calculate the remainder when n(0) is divided by k.
5
Suppose -4*y + 90 = -y. What is the remainder when y is divided by 8?
6
Let j = 0 - -1. Suppose 2*g + j = w - 9, 0 = w + 3*g + 15. What is the remainder when 17 is divided by 6 + w*2/4?
5
Let p(v) = 10*v - v - 4 + 2 - 2. Calculate the remainder when p(6) is divided by 2 + 0/1 + 15.
16
What is the remainder when (-94)/(1 - (-6)/(-2)) is divided by 16?
15
Suppose -26 = -5*z - 2*t, -14 = -4*z - 2*t - 3*t. Suppose 0 = 4*n + 4*n - 32. Calculate the remainder when z is divided by n.
2
Calculate the remainder when 26 is divided by (-14)/(-77) + (-216)/(-22).
6
Let n(s) = 10*s - 23. Calculate the remainder when n(8) is divided by 10.
7
Suppose 100 = -7*h + 12*h. Suppose 0 = 2*n - 4*n + h. Calculate the remainder when n is divided by 6.
4
Suppose h - 56 = -3*h. Calculate the remainder when h is divided by 4.
2
Let x = -15 - -32. Calculate the remainder when x is divided by 5.
2
Suppose 4*f - 2*h - 46 = 0, -h - 4*h + 67 = 3*f. Let l be ((-24)/16)/(3/(-4)). Let i(v) = 2*v**2 - 2*v + 1. Calculate the remainder when f is divided by i(l).
4
Suppose d = -3*l - l - 26, 0 = -5*d - l - 35. Suppose -5*p + 4*y + 57 = -53, 3*y - 21 = -2*p. Let f = p + d. Calculate the remainder when 22 is divided by f.
10
Let k be ((-24)/20)/(9/(-30)). Suppose p = y + 7, 1 = -k*p + 5*y + 25. What is the remainder when p is divided by 4?
3
Suppose 11*j - 10 = 6*j. Suppose -121 + 15 = -j*d. What is the remainder when d is divided by 18?
17
Let h be -1 + 3 + (1 - -2). Suppose 2*l - l = h. Suppose 4 = w + l*n, -3*n = -4*w - w + 20. Calculate the remainder when 10 is divided by w.
2
Let u(k) = -k**3 - 8*k**2 - 7*k - 3. Let y be u(-7). Let q = 0 - y. Suppose 7 = 4*h - d - 2, 0 = q*h - 4*d - 23. What is the remainder when h is divided by 1?
0
Suppose -1 + 9 = 2*p. What is the remainder when 7 is divided by p?
3
Suppose -5*b = -130 - 235. Calculate the remainder when b is divided by 19.
16
Let o be (72/15)/(4/20). What is the remainder when 17 is divided by 180/o*(-4)/(-6)?
2
Suppose 4*l = 23 + 17. Calculate the remainder when 59 is divided by l.
9
Suppose -5*h + z = -20, 3*z = -h - 0*z - 12. Suppose h + 4 = l - 5*w, 3*w - 39 = -3*l. Calculate the remainder when l is divided by 5.
2
Suppose 2*y + 0*y - 34 = 0. What is the remainder when 67 + (-4 - (-1 - 1)) is divided by y?
14
Suppose 0 = 3*s + 12, -r - 3*s - 2 = -14. Suppose -10 - r = -2*k. Calculate the remainder when k is divided by 10.
7
Suppose 5*j - 9 = 6. What is the remainder when 13 is divided by 1/j - 88/(-24)?
1
Let f = 15 + 3. Let i(l) = -l**3 - 8*l**2 - 9*l - 9. What is the remainder when f is divided by i(-7)?
3
Let u = 12 - 9. Let b(j) = 5*j**2 + j - 4. Let c = 27 - 12. What is the remainder when b(u) is divided by c?
14
Suppose u - 13 = 22. What is the remainder when 101 is divided by u?
31
Let d = 4 + -3. What is the remainder when 21 is divided by (-23)/(-4) - d/(-4)?
3
Suppose 2*l - 20 = -2*l. Suppose -2*s + l*h - 227 = -6*s, 3*s - 162 = -h. Calculate the remainder when s is divided by (8/6)/((-2)/(-27)).
17
Suppose -5*b + 2*b = -99. What is the remainder when b is divided by 20?
13
Let y be 12/18 + 1508/6. Suppose -y = -5*c + c. Calculate the remainder when c is divided by 16.
15
Let o(c) = c**2 + 8*c + 5. Let y(x) = -6*x + 1. Calculate the remainder when y(-1) is divided by o(-8).
2
Suppose 22 = 2*q + 5*i, 0*q + 4*i = 4*q 